common factor of 170 and k.
34
Suppose 0 = -3*d - d + 8*d. Let w = 24 + d. What is the highest common factor of 12 and w?
12
Suppose 21*o + 303 = 20*o. Let v be (-6)/14 + o/(-21). Calculate the greatest common divisor of v and 56.
14
Let c(k) = -4*k - 14. Let x be c(4). Let r = x - -32. Calculate the highest common factor of 22 and r.
2
Suppose -p - 3 = -g, -3*p + 16 = p. Suppose 3*t + t = -3*f + 74, -5*t + 94 = 3*f. Suppose -g*l = -t - 148. What is the highest common factor of 96 and l?
24
Let r = 473 + 398. What is the highest common divisor of 13 and r?
13
Let g(u) = -2*u**2 + 19*u - 1. Let m be g(9). Suppose -5*c = -m*c + 21. What is the greatest common factor of c and 14?
7
Suppose -5*g + 162 + 14 = l, 5*l + 2*g - 926 = 0. Calculate the highest common divisor of l and 279.
93
Let m = 0 - -3. Let a(x) be the second derivative of 13*x**3/6 - 17*x. Let t be a(m). What is the greatest common factor of t and 13?
13
Let d = -25 - -58. Suppose 122 = -0*s + 2*s. Suppose -44 = 57*g - s*g. What is the greatest common factor of d and g?
11
Let y(p) = p + 1. Suppose 2*i + m = 3*i - 6, -5*i + 3*m = -20. Let c be y(i). Suppose -b - 80 = -c*b. Calculate the greatest common factor of b and 32.
16
Suppose 4*g - 79 = -23*i + 18*i, 5*g = 5*i - 25. Let d(w) = -39*w + 4. Let o be d(-3). What is the greatest common divisor of i and o?
11
Let d be ((-6)/(-4))/(90/660). What is the highest common factor of d and 121?
11
Suppose -v = -5*j - 45, -4*j - v = 4*v + 65. Let b be j/(-4) - 36/24. Suppose 2*c + 2*c = 20. What is the greatest common divisor of b and c?
1
Suppose 2*s + 2*h = 3*s + 58, -3*s - 3*h = 183. Let b be 21*(s/35 + 2). What is the highest common factor of b and 12?
6
Let w be ((-152)/(-6))/(3/(-36)). Let j = 462 + w. Suppose -p + j = 4*h, 0 = -4*h - 2*p - 0*p + 156. What is the greatest common factor of 5 and h?
5
Let t = 2361 - 2295. Let c(r) = 3*r**2 - 2*r - 1. Let h be c(-1). Suppose h*g - 190 = -14. Calculate the highest common divisor of g and t.
22
Let q(n) = 194*n - 14. Let g be q(1). Suppose -5*d + 180 = -0*d. Calculate the highest common factor of d and g.
36
Let w(g) = -g**2 + 2*g + 573. Let b be w(-22). What is the greatest common factor of 40 and b?
5
Let s be (-20 - -18)*(1 - -1). Let y be (-588)/(-6) + (s - -2). What is the greatest common factor of y and 12?
12
Let l be 34 - (-6 + 3) - 2. Let j = -7 + l. Let m be (20/(-3))/(4*1/(-42)). What is the highest common factor of m and j?
14
Suppose 0 = 12*r - 542 - 346. Calculate the highest common factor of r and 37.
37
Let f(x) = -x**2 - 2*x + 7. Let b be f(-4). Let u be 0 + 206 - (b - 0)*1. Let m be (-1)/4 - 837/(-36). What is the greatest common divisor of u and m?
23
Let o = 132 - 128. Calculate the highest common factor of o and 188.
4
Let g = -267 + 405. Calculate the highest common divisor of g and 46.
46
Let z(h) = 2*h**2 - 8*h + 8. Let b be z(9). Let l = b + -70. Calculate the highest common factor of 7 and l.
7
Suppose 0 = -10*r - 1016 + 5016. What is the highest common divisor of r and 25?
25
Let b(h) be the first derivative of -h**4/4 + h**3/3 - h**2/2 - 53*h - 5. Let t be b(0). Let x = 98 + t. What is the greatest common factor of 18 and x?
9
Let g = 14 + -7. Let y(d) = d**2 - 5*d - 5. Let a be y(g). What is the highest common divisor of a and 27?
9
Let t = 106 - 67. Suppose 0 = -5*s + 4*b + 49, 0 = 2*s - 3*b + 13 - 27. What is the highest common factor of s and t?
13
Let s = 1135 + -811. Calculate the greatest common factor of s and 396.
36
Let a(i) = 3*i - 7*i - i + 3*i + 7. Let g be a(3). What is the greatest common divisor of 9 and g?
1
Let z = 614 - 524. What is the greatest common factor of 180 and z?
90
Suppose -i - 16 = -5*i + 4*u, -2*u + 12 = 2*i. Suppose i*g + 142 = -243. Let d be g*(-5)/(10/4). Calculate the highest common factor of d and 14.
14
Let u = -5 - -12. Let t = u - 5. Let s(g) = 20*g - 5. Let v be s(t). Calculate the highest common factor of v and 5.
5
Let c = 45 - 37. Suppose 21 = c*t - 19. Calculate the greatest common factor of 15 and t.
5
Suppose 13 = -7*h - 22. Let z(x) = -x**3 - 4*x**2 - 7*x - 9. Let g be z(h). What is the greatest common factor of 459 and g?
51
Suppose -2*b + d = -5*b + 384, 2*d = -2*b + 256. Suppose 4*w = -0*w - 40. Let r be 20/(-3)*24/w. Calculate the highest common factor of b and r.
16
Suppose -3*j = -4*j + 324. Suppose 4*u - j = -2*u. Calculate the highest common divisor of u and 36.
18
Let p be (-4)/16 + 39/12. Suppose 0 = 2*a - t - 133, p*t + 405 = 4*a + 136. What is the highest common divisor of a and 26?
13
Let t(j) = 3*j**2 - 12*j - 20. Let i be t(10). Suppose 9*z - i = 4*z. What is the greatest common divisor of z and 80?
16
Let d = -1173 - -1261. Calculate the greatest common factor of 55 and d.
11
Suppose -b - 230 = -3*b. Let g = -35 - -44. Suppose j - 14 = g. What is the highest common factor of b and j?
23
Suppose -2*j - 330 = 3*j. Let p = j - -82. What is the greatest common factor of p and 208?
16
Suppose 4*i - 3423 = 2897. Let d be 4/12 - (-3)/(36/i). What is the highest common factor of d and 12?
12
Let b be (-3006)/(-234) - 4/(-26) - 2. Calculate the highest common factor of 77 and b.
11
Let s be (-6402)/(-194) + (0 - 9). Let o = 6 + 30. Calculate the highest common factor of o and s.
12
Let f = 916 - 649. Calculate the highest common divisor of 178 and f.
89
Let d(l) = -l - 4*l - l**2 - 1 + 6*l. Let x be d(1). Let r be ((-3)/(-6))/(x/(-64)). What is the highest common factor of r and 8?
8
Suppose -2*t = -9*t + 28. Suppose -2*w = -0 - 4, s - 24 = -2*w. Calculate the highest common divisor of s and t.
4
Let f = 484 + -376. Let z = 27 - 15. What is the highest common divisor of z and f?
12
Let b = 215 + 23. Suppose 7*f = b + 203. Calculate the greatest common divisor of 7 and f.
7
Let q(h) = h**3 + 11*h**2 + h + 9. Let j be q(-10). Let f be (j/15)/((-2)/(-30)). Suppose k + k = 18. Calculate the greatest common divisor of f and k.
9
Suppose -6*c = -7*c + 20. Let v(t) = -t**2 - 2*t + 4. Let u be 2/4*0/9. Let l be v(u). What is the highest common divisor of c and l?
4
Suppose -b - 4*d + 84 = 0, d = 3*b - 3*d - 252. What is the greatest common factor of b and 42?
42
Let u(s) = -3*s + 15. Let z be u(0). Suppose 2*i - i - 5*j - 110 = 0, 0 = -3*i - j + 362. What is the greatest common divisor of i and z?
15
Let a be 1/(2/1)*0. Suppose -4*p + 311 - 55 = a. What is the greatest common factor of 32 and p?
32
Suppose -2079 - 224 = -49*g. What is the greatest common factor of 1175 and g?
47
Suppose -3*y = -4*y - 13. Let f(g) = 3*g**2 - 8*g + 4. Let m be f(4). Let w = m - y. Calculate the highest common factor of 22 and w.
11
Let q(h) = -103*h - 130. Let d be q(-10). What is the greatest common factor of 36 and d?
36
Let f(d) be the third derivative of d**4/24 - 7*d**3/3 + 11*d**2. Let b be f(17). What is the highest common factor of b and 1?
1
Let j be 9*8/(-48)*-4. Calculate the greatest common factor of j and 12.
6
Suppose 25*j - 354 = 19*j. Let k = j - 44. What is the highest common divisor of k and 60?
15
Let s = -41 - -426. What is the greatest common factor of 105 and s?
35
Let b = -148 - -229. Let f = 117 - b. Suppose 972 = 2*y + y. What is the greatest common divisor of f and y?
36
Let o be (-1046)/(-42) - 0 - 14/(-147). Calculate the greatest common divisor of o and 175.
25
Let k = -175 - -322. Suppose -k = -4*b - 23. Let v = 58 - b. What is the greatest common factor of 9 and v?
9
Let i = -311 - -351. What is the highest common divisor of 80 and i?
40
Let a(o) = -2*o**3 - 3*o - 3. Let m(t) = 6*t + 4. Let r be m(-1). Let s be a(r). Calculate the greatest common divisor of 19 and s.
19
Let d = 14 - 11. Suppose d*g - 31 + 1 = 0. Suppose -5*t + 217 = -233. Calculate the highest common divisor of g and t.
10
Let b(q) = 4*q - 167. Let u be b(43). Suppose 0 = -3*o + 2*o + 55. Calculate the greatest common divisor of u and o.
5
Let m be (30/(-8))/((-2)/24). Suppose 23 = y + f, 0 = -3*y + 2*f + 39 + m. Calculate the highest common divisor of y and 52.
26
Let u(t) = 16*t**3 - 2*t**2 - t - 3. Let q be u(3). What is the greatest common factor of q and 24?
24
Let k be 40/(-16)*16/(-10) - -41. Let u be 114/22 + 2/(-11). What is the greatest common factor of u and k?
5
Let z(c) = -c**3 - c**2. Let p(g) = -g**2 - 9*g - 12. Let m